 derivative of k**4/12 + 3*k**3/2 + 5*k**2/2 + 270*k + 1. Determine v(-10).
15
Let s(w) = -w**3 + 5*w**2 + 5 + 102*w - 79*w - 21*w. Determine s(5).
15
Let z(i) be the third derivative of 0*i - 1/8*i**4 + 25*i**2 + 2/3*i**3 + 0 + 1/30*i**5. Let r be ((-6)/2)/((-15)/20). Calculate z(r).
24
Let x(b) be the third derivative of -b**5/60 + b**4/3 - b**3/3 - 1264*b**2. Suppose -2*r + 4*j - 10 = 0, -3*r + 5 = -0*r - j. Determine x(r).
13
Let n = 12 - 21. Let b(q) be the second derivative of 0 - 3/2*q**3 + 1/20*q**5 - 4*q**2 + 2/3*q**4 + 9*q. Determine b(n).
-8
Suppose 5*p + 44 - 74 = 0. Let a(g) = -465 - g**3 + 470 - p*g**2 + 3*g + 0*g**3. Determine a(-6).
-13
Let q(c) = 13*c**2 - 85*c - 64. Let i(v) = 8*v**2 - 56*v - 43. Let r(g) = 8*i(g) - 5*q(g). Give r(-20).
36
Let t(a) = -9 - 13 + 3*a**2 - 4*a + 30 - 18 - 4*a**2. Calculate t(-4).
-10
Suppose 0 = -13*h - 13*h + 3*h + 299. Let r(d) = d**2 - 10*d - 42. Give r(h).
-3
Let b(g) = g**2 - g. Let r(o) = -3*o**2 + 5*o + 4. Let t(p) = -2*b(p) - r(p). Let q be (1/(3/2) + (-384)/360)*-10. Calculate t(q).
0
Let r(l) = -52*l + 95*l - 1 - 380*l**2 + 386*l**2 - 37*l. Determine r(-2).
11
Let t(h) = 2*h**3 + h**2 + h - 1. Let m(u) be the third derivative of u**6/120 + u**5/30 - 108*u**2. Let o(q) = 4*m(q) - 3*t(q). Calculate o(3).
-15
Let b be (-70)/4*(100/(-28) + 3). Let w = 23 - b. Let g(a) = -11*a**2 - 25*a - 9. Let l(z) = -5*z**2 - 12*z - 5. Let j(f) = w*l(f) - 6*g(f). What is j(8)?
5
Let x(y) = -13*y + 1268. Let c be x(101). Let k(o) = -2*o**3 - 89*o**2 + 45*o. Give k(c).
0
Let h(p) = -4*p - 309 + 612 - 298. Let l = 78 - 76. Give h(l).
-3
Let a(t) = -2*t. Let z(g) = 18*g**2 + 58*g. Let x be z(-3). Let k be 39/x + 1 - (-7)/28. Give a(k).
4
Let k(n) = -2 - 32097*n - 32095*n + 64199*n. Determine k(-1).
-9
Let m(l) = 36*l**2 + l**3 - 2*l**3 - 371 - 34*l + 348. Give m(35).
12
Let v(a) = -4*a**2 + 6*a - 2. Let p(j) = 13*j**2 - 9*j + 3. Let n(f) = -4*p(f) - 6*v(f). Determine n(-1).
-28
Let z(x) be the third derivative of -9*x**4/4 + 205*x**3/6 - 2619*x**2 + 1. Calculate z(4).
-11
Let s(x) = -x**3 - 17*x**2 - 4*x - 62. Let p be s(-17). Let o(g) = -23*g - 11. Let m(q) = 42*q + 22. Let t(i) = p*m(i) + 11*o(i). Give t(9).
2
Let c = 38155 - 38144. Let d(o) = -17*o + 174. Determine d(c).
-13
Let z(y) be the first derivative of y**4/4 - 4*y**3/3 - 2*y**2 - 7*y + 1369. What is z(5)?
-2
Let u = 601 + -705. Let g be ((-4 + u)/6)/2. Let m(y) = y**2 + 8*y - 6. What is m(g)?
3
Suppose -1 = 5*q + 2*d - 3, q + 3*d - 3 = 0. Suppose -18*t = -23*t + 10. Let n(o) = -447 - 2*o**t + 3*o**2 - 452 + 892. Determine n(q).
-7
Let h(d) be the second derivative of d**4/12 - 5*d**3/6 - 10*d**2 - 1668*d. What is h(10)?
30
Let o be ((-15)/(-20))/((-1)/4) - 2. Let j(w) = 3*w + 26. Let f(q) = -q - 9. Let n = -6 - -10. Let r(c) = n*j(c) + 11*f(c). What is r(o)?
0
Let x(k) = -4*k + 10. Let d(w) = 2*w - 4. Let h = -115 + 100. Let c(y) = h*d(y) - 6*x(y). Give c(-3).
18
Let c(p) = -p**2 + 9*p + 5. Let k(b) = 12*b + 100. Let t be k(0). Let a be 1/(4/30) + (-150)/t. What is c(a)?
23
Suppose -b + 3*b = 2*j, 4 = -2*j - 2*b. Let n(d) = -d**3 - 12*d**2 - 10*d + 13. Let g be n(-11). Let h(s) = 1 - 2*s**2 + 0 + s + 0*s**g. Determine h(j).
-2
Let a(d) = d + 8. Let t(b) = -19*b - 23*b + 41*b - 9. Let l(h) = -5*a(h) - 4*t(h). Determine l(3).
-7
Let a be (-65)/520 + (-74121)/(-8). Let r(h) = -9266*h**3 + a*h**3 + 3*h**2 - 9 + 8*h**2. What is r(11)?
-9
Suppose -119 = -2*s - 37. Let p = s - 39. Let b(u) = 10*u**2 - 7*u - 5. Let y(i) = 29*i**2 - 20*i - 14. Let c(x) = -17*b(x) + 6*y(x). Determine c(p).
15
Let t(h) be the third derivative of h**7/1260 - 13*h**6/720 - 14*h**5/15 - 158*h**2. Let b(r) be the third derivative of t(r). Determine b(6).
11
Let h(w) = -5*w - 3. Let j = -102 - -102. Suppose -4*p = 2*l - j*p + 14, 5*p = -15. Let q be (l + 0)/(4 + 30/(-8)). Give h(q).
17
Suppose 2*z = 4*o - 62, 5*z + 32 = 5*o + 9*z. Let q(w) = -w**3 + 11*w**2 + 22*w - 112. What is q(o)?
8
Suppose 75 = s + 4*u, -6*s - 289 = -10*s - 5*u. Let x(j) = -112 + j - j**2 + s + 60. Give x(0).
19
Let u be (-34 + 34)/(1/((-1)/(-2))). Let h(x) = u + 3 + 197*x - 193*x - x**3. Give h(-3).
18
Let d(f) = 17 + 14 - 64 - 7*f - 1. What is d(-7)?
15
Let t = -44 + 67. Suppose -t + 5 = -6*k. Let y(i) = -3*i**2 - 3*i**k + 6*i - 4*i + 7*i**3 - 3*i**3. Determine y(2).
0
Let i(s) = -s + 1. Let f be 3/(-7) + 3740/(-28). Let y = f - -194. Let g be 6/(-4)*y/(-45). What is i(g)?
-1
Suppose 118*z - 114*z - 4 = 0. Let j(b) = -10*b - 4. Let y(u) = 9*u + 3. Let h(i) = 5*j(i) + 6*y(i). Give h(z).
2
Let m(l) = -2*l**2 - l - 1. Let d = 629 - 626. Suppose 0 = -d*s - 60 + 60. Calculate m(s).
-1
Suppose 4*q = 4*u - 44, 3*q = -6*u + 7*u - 43. Let v be -4 - (28/21 + q/(-6)). Let a(g) = -g**2 - 9*g - 5. What is a(v)?
3
Suppose 0 = -41*p + 108 + 56. Let w(y) = 86*y - 339. Let f be w(p). Let h(c) = -5*c**2 + 6 + c**3 + c + 3*c - c**2. Calculate h(f).
1
Let j(p) = -3*p. Let y(n) = -17*n + 17. Let h(m) = 6*j(m) - y(m). Suppose 4*o - z + 6 + 34 = 0, 4*o + 40 = 5*z. What is h(o)?
-7
Let v be 56/(-84) + 8/3. Let u(f) = 8 + 2*f**2 + 7*f**v + f - 10*f**2. Determine u(0).
8
Suppose b + 8 = 4*x, 4*x = 3*b - 0*x. Suppose -q + 4*q = -3*h + 21, -4*q + 4*h - 12 = 0. Let l(k) = -4*k - 16 + 15 - q*k + 5*k. Determine l(b).
-5
Let b(c) = -5*c - 14. Let z be 12/(-28) - 10*440/350. Determine b(z).
51
Let v(i) = -4*i**2 + 92*i - 6. Let q(m) = 3*m**2 - m - 1. Let t(u) = 3*q(u) + v(u). Determine t(-18).
9
Suppose 57*i - 69*i + 36 = 0. Suppose 0 = i*c + 3*x - 9, 5*c - 3 - 6 = x. Let s(u) = -u**3 + 4*u**2 - 3*u + 1. What is s(c)?
3
Suppose 2 + 38 = 10*l. Suppose 3*i - 24 = -i. Let f(y) = 0*y + i*y - 2 - 8*y**2 + 7*y**2. Calculate f(l).
6
Let u(o) = -o**3 - 3*o**2 + 3*o - 1. Let m be (-4)/((-246)/(-30) - 9). Suppose m*h = 8*h, -20 = 4*c - h. Determine u(c).
34
Let m = 244 + -237. Let j(x) = 16*x**2 + 11*x - 3 - m*x**2 - 8*x**2. Give j(-11).
-3
Let z(x) = x**3 + 5*x**2 - 8*x - 1. Suppose -t + 6*t - 2*s = 15, 0 = t + 3*s - 3. Let f be (19 - 1)*t*(-3)/27. Determine z(f).
11
Let l(z) = 16*z**2 - 13*z - 59. Let s be l(-5). Let f(j) = -s*j + 6 + 206*j + 201*j. Give f(-7).
-1
Let k(g) = -2*g - 9. Suppose 3*v - w - 280 = 0, -200 = -v - v - 2*w. Let r = v - 95. Suppose -4*u + r*u = 24. What is k(u)?
3
Let x(l) = 19*l + 2. Let g(f) = -192*f - 24. Let y(n) = -2*g(n) - 21*x(n). Calculate y(-4).
66
Let l(i) = -i**3 - 7*i**2 + 7*i + 50. Let b be ((-12)/8)/((-1035)/(-126) - 8). Determine l(b).
1
Let f(j) = 40*j - 118. Let h be f(3). Let m(r) = 8*r**3 - 28*r**3 + 4 + 21*r**3 + 2*r**h. Determine m(-4).
-28
Let u(y) = 2*y + y + 2 + 0. Let r be (27/5)/(0 - 8/40). Let m be (-28)/154 - (-3 - r/33). Calculate u(m).
8
Let y(x) = 2*x**2 + 4*x - 3. Let l be -2*-3*(-1)/(-2). Suppose -40 = -17*c - l*c. Calculate y(c).
13
Suppose 60*w + 10077 = 11337. Let n(i) = i**2 - 22*i - 6. Calculate n(w).
-27
Let n(a) = -6*a - 10 + 17 + 0*a + 4*a. Suppose 5*v = 14 + 11. Suppose 4*i = 20, 3*y - v = -3*i + 28. Calculate n(y).
-5
Suppose -31*p + 10 = -36*p. Let f = 0 - p. Let i(b) = -8*b**3 + b**3 + 7*b**3 + f*b**3 - 2*b. Determine i(2).
12
Let v(d) be the second derivative of d**6/120 - d**5/6 + d**4/3 - 41*d**2/2 + d + 101. Let n(f) be the first derivative of v(f). Give n(9).
-9
Let w be 0 - (-13 + (-132)/(-12)). Let l(v) = -v - 3. Let u(i) = -i - 1. Let o(z) = -3*l(z) + 4*u(z). Determine o(w).
3
Let p(n) = 5*n**2 + 9*n - 10. Suppose 5*v - 1 = 4*k, -3*k + 14 - 8 = 3*v. Calculate p(k).
4
Let p(i) = 1 + 8*i**2 - 4 - 12*i**2 + 3*i. Let l be 5/4 + (-2023)/476. What is p(l)?
-48
Let g(q) be the first derivative of q**3/3 - 3*q + 1. Suppose 0 = 4*a - 9*a + 20. Let m be 1 - (3 - a - -5). Determine g(m).
6
Let m be ((-42)/(-9))/((280/(-42))/10). Let k(j) = -j**2 - 4*j + 17. Calculate k(m).
-4
Let b(y) = -9*y - 1. Let q be (-1)/(30/12)*10/2. Let i(g) = 23*g + 2. Let u(c) = q*i(c) - 5*b(c). Give u(2).
-1
Let p(t) be the second derivative of -8/3*t**3 - 39*t + 0 + 21/2*t**2 + 1/12*t**4. What is p(15)?
6
Let d(l) = -13*l + 4*l + 15*l - 22 - 14*l**2 + 5*l. Let x(r) = -5*r**2 + 3*r - 7. Let n(c) = 4*d(c) - 11*x(c). What is n(11)?
-11
Let w(p) = -3*p + 10. Let j = 69 + -75. Let n = 15 + j. Calculate w(n).
-17
Let y(b) = 2*b + 25. Let k be y(-6). Let f(p) = 8 - p**2 + 17 - 20 + k - 6*p. Calculate f(-8